{"id":126,"date":"2017-10-30T12:01:32","date_gmt":"2017-10-30T11:01:32","guid":{"rendered":"https:\/\/fslogo.rwth-aachen.de\/?page_id=126"},"modified":"2023-05-02T14:10:08","modified_gmt":"2023-05-02T12:10:08","slug":"bibliothek","status":"publish","type":"page","link":"https:\/\/fslogo.rwth-aachen.de\/index.php\/buchverleih\/bibliothek\/","title":{"rendered":"Bibliothek der Neurolinguistik"},"content":{"rendered":"\n<p id=\"Neurolinguistik\">Sie befindet sich in der Abteilung Neurolinguistik\/Neuropsychologie. Die Ansprechperson ist Frau Pfeil im Sekretariat (Aufzug C6, Etage 1, Flur 47, Raum 1).<\/p>\n\n\n\n<div class=\"wp-block-buttons\">\n<div class=\"wp-block-button\"><a class=\"wp-block-button__link\" href=\"#allgemein\">Allgemeine Infos<\/a><\/div>\n\n\n\n<div class=\"wp-block-button is-style-fill\"><a class=\"wp-block-button__link\" href=\"#diagnostik\">Diagnostik<\/a><\/div>\n<\/div>\n\n\n\n<hr class=\"wp-block-separator\"\/>\n\n\n\n<p id=\"allgemein\"><strong>Allgemeine Infos:<\/strong><\/p>\n\n\n\n<ul><li>zum Ausleihen sind Diagnostikmaterialien, <a href=\"https:\/\/fslogo.rwth-aachen.de\/wp-content\/uploads\/2018\/04\/03-NL-DD-Sign.-3190-08-2017-incl.-Ref-ID-3016.pdf\">Dissertationen<\/a>, <a href=\"https:\/\/fslogo.rwth-aachen.de\/wp-content\/uploads\/2018\/04\/04-NL-DH-Sign.-3024-08-2017-incl.-Ref-ID-3016.pdf\">Habilitationen<\/a>, <a href=\"https:\/\/fslogo.rwth-aachen.de\/wp-content\/uploads\/2018\/04\/02-NL-DA-alphab.-08-2017-incl.-Sign.-3237-incl.-Ref-ID-3016.pdf\">Diplom<\/a>-, <a href=\"https:\/\/fslogo.rwth-aachen.de\/wp-content\/uploads\/2018\/04\/01a-NL-BA-alphab.-Sign.-3178-01-2018.pdf\">Bachelor<\/a>\u2013&nbsp; und <a href=\"https:\/\/fslogo.rwth-aachen.de\/wp-content\/uploads\/2018\/04\/01b-NL-MA-alphab.-Sign.-3139-01-2018.pdf\">Masterarbeiten<\/a> aus unseren Logop\u00e4die-Studieng\u00e4ngen (\u00fcber die Verlinkungen auch zum downloaden)<\/li><li>B\u00fccher sind Pr\u00e4senzbestand. D.h. sie k\u00f6nnen nicht ausgeliehen, aber vor Ort zu den unten genannten Zeiten eingesehen werden. Normalerweise werden die B\u00fccher auch \u00fcber den Katalog der Uni-Bibliothek der RWTH angezeigt.<\/li><li>ge\u00f6ffnet solange das Sekretariat besetzt ist, d.h. normalerweise <strong>montags, dienstags, donnerstags und freitags von 8.00 Uhr bis 11.00 Uhr und von 13.00-15.00 Uhr<\/strong><\/li><li>Die Ausleihfrist betr\u00e4gt drei Wochen gegen einen ausgef\u00fcllten Leihschein.<\/li><li>Bei Fragen schreibt uns gerne oder ihr wendet euch direkt an Frau Pfeil (E-mail: <a>apfeil@ukaachen.de<\/a>).<\/li><\/ul>\n\n\n\n<hr class=\"wp-block-separator\"\/>\n\n\n\n<p id=\"diagnostik\"><strong>Diagnostikmaterialien:<\/strong><\/p>\n\n\n<a href=\"https:\/\/fslogo.rwth-aachen.de\/wp-content\/uploads\/2017\/10\/07b-NL-Test-Kindersprache-alphab.-Sign.-3117-09-2017-incl-Ref-ID-3024-1.pdf\" class=\"pdfemb-viewer\" style=\"\" data-width=\"max\" data-height=\"max\"  data-toolbar=\"both\" data-toolbar-fixed=\"on\">07b NL Test Kindersprache, alphab. \u2013 Sign. 3117, 09-2017, incl Ref-ID 3024<br\/><\/a>\n","protected":false},"excerpt":{"rendered":"<p>Sie befindet sich in der Abteilung Neurolinguistik\/Neuropsychologie. Die Ansprechperson ist Frau Pfeil im Sekretariat (Aufzug C6, Etage 1, Flur 47, Raum 1). Allgemeine Infos: zum Ausleihen sind Diagnostikmaterialien, Dissertationen, Habilitationen, Diplom-, Bachelor\u2013&nbsp; und Masterarbeiten aus unseren Logop\u00e4die-Studieng\u00e4ngen (\u00fcber die Verlinkungen auch zum downloaden) B\u00fccher sind Pr\u00e4senzbestand. D.h. sie k\u00f6nnen nicht [&hellip;]<\/p>\n","protected":false},"author":4,"featured_media":1283,"parent":135,"menu_order":0,"comment_status":"closed","ping_status":"closed","template":"","meta":[],"aioseo_notices":[],"_links":{"self":[{"href":"https:\/\/fslogo.rwth-aachen.de\/index.php\/wp-json\/wp\/v2\/pages\/126"}],"collection":[{"href":"https:\/\/fslogo.rwth-aachen.de\/index.php\/wp-json\/wp\/v2\/pages"}],"about":[{"href":"https:\/\/fslogo.rwth-aachen.de\/index.php\/wp-json\/wp\/v2\/types\/page"}],"author":[{"embeddable":true,"href":"https:\/\/fslogo.rwth-aachen.de\/index.php\/wp-json\/wp\/v2\/users\/4"}],"replies":[{"embeddable":true,"href":"https:\/\/fslogo.rwth-aachen.de\/index.php\/wp-json\/wp\/v2\/comments?post=126"}],"version-history":[{"count":12,"href":"https:\/\/fslogo.rwth-aachen.de\/index.php\/wp-json\/wp\/v2\/pages\/126\/revisions"}],"predecessor-version":[{"id":2174,"href":"https:\/\/fslogo.rwth-aachen.de\/index.php\/wp-json\/wp\/v2\/pages\/126\/revisions\/2174"}],"up":[{"embeddable":true,"href":"https:\/\/fslogo.rwth-aachen.de\/index.php\/wp-json\/wp\/v2\/pages\/135"}],"wp:featuredmedia":[{"embeddable":true,"href":"https:\/\/fslogo.rwth-aachen.de\/index.php\/wp-json\/wp\/v2\/media\/1283"}],"wp:attachment":[{"href":"https:\/\/fslogo.rwth-aachen.de\/index.php\/wp-json\/wp\/v2\/media?parent=126"}],"curies":[{"name":"wp","href":"https:\/\/api.w.org\/{rel}","templated":true}]}}