{"id":1990,"date":"2023-04-20T17:32:25","date_gmt":"2023-04-20T15:32:25","guid":{"rendered":"https:\/\/fslogo.rwth-aachen.de\/?page_id=1990"},"modified":"2023-04-20T17:32:26","modified_gmt":"2023-04-20T15:32:26","slug":"arbeitsgruppe-werbung","status":"publish","type":"page","link":"https:\/\/fslogo.rwth-aachen.de\/index.php\/arbeitsgruppe-werbung\/","title":{"rendered":"Arbeitsgruppe Werbung"},"content":{"rendered":"\n<p>Einige Logo-Studis haben sich als Team zusammengefunden, um sich dem Thema Werbung f\u00fcr unsere Fachschaft und aber auchdie Logop\u00e4die im Algemeinen zu widmen.<\/p>\n\n\n\n<p>Mal sehen, mit was uns die Gruppe in den kommenden Semestern \u00fcberrascht. <\/p>\n\n\n\n<p>Verraten k\u00f6nnen wir, dass es auf jeden Fall auch in Richtung Merch gehen wird&#8230; wir sind gespannt!<\/p>\n","protected":false},"excerpt":{"rendered":"<p>Einige Logo-Studis haben sich als Team zusammengefunden, um sich dem Thema Werbung f\u00fcr unsere Fachschaft und aber auchdie Logop\u00e4die im Algemeinen zu widmen. Mal sehen, mit was uns die Gruppe in den kommenden Semestern \u00fcberrascht. Verraten k\u00f6nnen wir, dass es auf jeden Fall auch in Richtung Merch gehen wird&#8230; wir [&hellip;]<\/p>\n","protected":false},"author":9,"featured_media":0,"parent":0,"menu_order":0,"comment_status":"closed","ping_status":"closed","template":"","meta":[],"aioseo_notices":[],"_links":{"self":[{"href":"https:\/\/fslogo.rwth-aachen.de\/index.php\/wp-json\/wp\/v2\/pages\/1990"}],"collection":[{"href":"https:\/\/fslogo.rwth-aachen.de\/index.php\/wp-json\/wp\/v2\/pages"}],"about":[{"href":"https:\/\/fslogo.rwth-aachen.de\/index.php\/wp-json\/wp\/v2\/types\/page"}],"author":[{"embeddable":true,"href":"https:\/\/fslogo.rwth-aachen.de\/index.php\/wp-json\/wp\/v2\/users\/9"}],"replies":[{"embeddable":true,"href":"https:\/\/fslogo.rwth-aachen.de\/index.php\/wp-json\/wp\/v2\/comments?post=1990"}],"version-history":[{"count":1,"href":"https:\/\/fslogo.rwth-aachen.de\/index.php\/wp-json\/wp\/v2\/pages\/1990\/revisions"}],"predecessor-version":[{"id":1991,"href":"https:\/\/fslogo.rwth-aachen.de\/index.php\/wp-json\/wp\/v2\/pages\/1990\/revisions\/1991"}],"wp:attachment":[{"href":"https:\/\/fslogo.rwth-aachen.de\/index.php\/wp-json\/wp\/v2\/media?parent=1990"}],"curies":[{"name":"wp","href":"https:\/\/api.w.org\/{rel}","templated":true}]}}